
Let v(m) = -m**3 - 4*m**2 - 1367*m - 8268. Give v(-6).
6
Let s(g) = g**3 + 6*g**2 - 10*g + 504. What is s(-11)?
9
Let i(a) = 150*a + 870. What is i(-6)?
-30
Let q(v) = -10*v**2 - 87*v - 198. Give q(-5).
-13
Let z(y) = y**3 - 7*y**2 - 1374*y + 10919. Give z(8).
-9
Let h(j) = -4*j**2 - 10*j - 61. Calculate h(-6).
-145
Let x(n) = 99*n + 621. Calculate x(-7).
-72
Let o(q) = -q**3 + 16*q**2 + 25*q - 312. What is o(13)?
520
Let y(i) = i - 15. Calculate y(-1).
-16
Let b(x) = -11*x**2 - 110*x - 208. Calculate b(-2).
-32
Let p(t) = t**2 + 45*t + 91. Determine p(-44).
47
Let d(h) = -230*h - 907. Determine d(-4).
13
Let w(z) = 8*z - 229. Calculate w(25).
-29
Let o(q) = -174*q**3 + 2*q**2 + 63*q - 64. What is o(1)?
-173
Let j(p) = 40*p - 211. What is j(-6)?
-451
Let d(u) = 5*u**3 + 108*u**2 - 302*u + 6. What is d(-24)?
342
Let f(p) = -3*p**3 + 23*p**2 - 18*p - 6. What is f(7)?
-34
Let b(y) = -y**2 - 3*y + 1427. Give b(-44).
-377
Let p(s) = -s**3 + 40*s**2 - 377*s + 23. Give p(25).
-27
Let i(y) = y**3 + 10*y**2 - 117*y - 146. Give i(8).
70
Let m(n) = -6*n**3 + 44*n**2 + 95*n - 54. What is m(9)?
-9
Let d(v) = -v**3 + 14*v**2 - 3*v - 10. Calculate d(7).
312
Let n(m) = m**3 - 6*m**2 - 582*m + 2357. Give n(4).
-3
Let p(x) = -x**3 + 14*x**2 + 13*x - 23. Calculate p(10).
507
Let w(k) = -k**3 + k**2 + 16*k + 426. Give w(0).
426
Let t(m) = -37*m + 876. Give t(28).
-160
Let g(c) = -94*c + 287. Determine g(3).
5
Let i(g) = -56*g**2 - 207*g - 2. Determine i(-4).
-70
Let a(q) = -488*q + 487. What is a(1)?
-1
Let u(k) = k**2 + 6*k - 3. Determine u(6).
69
Let r(p) = -p**3 - 14*p**2 + 33*p - 307. What is r(-17)?
-1
Let t(c) = c**3 - 14*c**2 + 30*c - 31. Determine t(10).
-131
Let z(h) = -574*h + 563. Calculate z(1).
-11
Let c(i) = -i**3 - 24*i**2 - 121*i + 115. Determine c(-16).
3
Let l(x) = 3*x**3 + 117. Calculate l(0).
117
Let k(d) = -21*d**3 + d**2 - 2*d + 1. Give k(1).
-21
Let i(h) = -14*h**2 + h + 22. Calculate i(4).
-198
Let v(u) = -u**2 + 87*u + 1934. Give v(-18).
44
Let k(h) = -1207*h + 2386. Give k(2).
-28
Let q(i) = 343*i + 2060. What is q(-6)?
2
Let z(p) = 2*p**2 + p - 1. Determine z(0).
-1
Let b(x) = x**3 - 9*x**2 - 11*x + 100. What is b(5)?
-55
Let k(z) = 5*z**2 + 220*z + 86. Give k(-43).
-129
Let w(r) = -r**2 - 297*r + 25711. Determine w(70).
21
Let m(c) = 42*c - 2050. Calculate m(50).
50
Let n(q) = q**2 - 2*q - 231. Calculate n(17).
24
Let c(k) = 7*k**2 - 139*k - 48. Determine c(17).
-388
Let f(n) = -n**3 - 12*n**2 + 2*n - 50. What is f(-12)?
-74
Let w(d) = -18*d - 272. What is w(8)?
-416
Let a(h) = 36*h - 573. Calculate a(19).
111
Let i(u) = 103*u + 1742. Calculate i(-17).
-9
Let j(s) = 407*s - 15840. Determine j(39).
33
Let r(t) = -t**3 + 11*t**2 + 25*t - 45. Give r(8).
347
Let m(z) = -65*z + 2446. What is m(38)?
-24
Let p(l) = -l**2 - 13052*l - 78284. What is p(-6)?
-8
Let d(l) = l**3 - 12*l**2 + 24*l + 67. What is d(10)?
107
Let u(v) = v**3 - 10*v**2 + 14*v + 7. Give u(8).
-9
Let v(q) = 295*q - 769. Determine v(3).
116
Let f(j) = -50*j - 407. Calculate f(-8).
-7
Let q(k) = -k**3 + 39*k**2 + 13*k - 542. What is q(39)?
-35
Let p(i) = 3*i**3 - 22*i**2 - 9*i - 18. What is p(8)?
38
Let w(s) = -4*s**2 + 103*s - 669. Determine w(13).
-6
Let u(i) = -3*i**2 + 42*i - 38. What is u(16)?
-134
Let c(r) = r**2 + 1062*r - 23847. Calculate c(22).
1
Let r(m) = 18*m**2 + 21*m - 101. Give r(-3).
-2
Let a(u) = 2*u**2 - 56*u - 370. What is a(44)?
1038
Let c(t) = -13*t**2 - 435*t - 140. Give c(-33).
58
Let u(p) = -6*p**2 + 3312*p - 9925. What is u(3)?
-43
Let c(v) = -9*v**3 + 15*v - 30. What is c(2)?
-72
Let w(q) = q**3 - 15*q**2 + 16*q + 15. Calculate w(13).
-115
Let f(y) = 578*y - 5801. Calculate f(10).
-21
Let m(k) = -2*k**3 - 44*k**2 - 5. What is m(-22)?
-5
Let l(t) = 32*t + 149. What is l(0)?
149
Let r(y) = y**3 + 51*y**2 - 9*y - 405. Determine r(-51).
54
Let x(p) = -31*p**3 - 2*p - 1. What is x(2)?
-253
Let q(s) = s**2 + 56*s + 303. Determine q(-49).
-40
Let y(b) = 35*b - 1303. Determine y(37).
-8
Let z(w) = 12*w - 2088. Calculate z(174).
0
Let k(v) = -v**3 + 16*v**2 + 9*v + 212. Give k(15).
572
Let c(i) = i**3 - 3*i**2 - 245*i - 9. Give c(17).
-128
Let q(i) = i**2 - 8*i - 464. Give q(26).
4
Let v(d) = d**3 + 40*d**2 + 77*d + 42. What is v(-38)?
4
Let a(o) = -8622*o - 8626. Determine a(-1).
-4
Let o(h) = 188*h + 727. Give o(-4).
-25
Let i(t) = -5*t**2 - 228*t + 95. Determine i(-46).
3
Let i(w) = -2*w**2 + 25*w - 65. Give i(9).
-2
Let r(s) = 2*s**2 + 95*s - 2081. What is r(16)?
-49
Let l(b) = -3*b**3 - 282*b**2 + 1169*b - 12. Give l(4).
-40
Let g(c) = 164*c - 458. Give g(3).
34
Let i(r) = 3*r**3 - 43*r**2 + 51*r + 6. Calculate i(13).
-7
Let i(c) = -c**2 + 32*c + 143. Determine i(-4).
-1
Let o(s) = 9*s + 82. What is o(-8)?
10
Let f(r) = -r**3 - 16*r**2 - 25*r - 66. Determine f(-13).
-248
Let i(j) = 8*j**2 + 4*j + 4. Give i(7).
424
Let p(t) = 28189*t + 197324. Give p(-7).
1
Let i(x) = -x**3 + 1067*x**2 + 11849*x - 97. Calculate i(-11).
2
Let a(b) = -b**3 - 29*b**2 + 441*b + 8. Determine a(11).
19
Let m(x) = 12*x**2 + 8. What is m(-2)?
56
Let w(r) = -31*r - 1416. Give w(-38).
-238
Let r(u) = u**3 - 32*u**2 + 5*u - 139. Calculate r(32).
21
Let m(o) = o**2 + 57*o + 333. Calculate m(-7).
-17
Let q(n) = 43*n - 29. What is q(4)?
143
Let n(i) = -66*i**3 + 394*i**2 + 12*i + 6. What is n(6)?
6
Let u(n) = -2*n**3 - 94*n**2 - 88*n + 97. Calculate u(-46).
-87
Let b(u) = -u**3 - 28*u**2 + 47*u + 510. Calculate b(-29).
-12
Let t(z) = 4*z**2 + 65*z - 57. What is t(-17)?
-6
Let t(b) = -4048*b + 263121. Determine t(65).
1
Let f(d) = -d**3 + 7*d**2 + 158*d + 178. Determine f(-8).
-126
Let z(x) = 11*x - 264. Determine z(32).
88
Let s(n) = 13*n**2 + 9*n - 15. Determine s(5).
355
Let u(i) = 8*i**2 - 15*i - 55. Calculate u(-6).
323
Let c(z) = -z**3 + 7*z**2 + 35*z - 207. What is c(10)?
-157
Let n(x) = -x**3 - 34*x**2 - 42*x - 115. Determine n(-33).
182
Let s(k) = k**2 - 12*k - 3450. What is s(65)?
-5
Let j(x) = 227*x**3 + 4*x**2 + 3*x - 3. Determine j(-1).
-229
Let c(l) = -5*l**2 - 27*l - 109. What is c(-6)?
-127
Let u(o) = 2*o**2 - 98*o - 364. What is u(52)?
-52
Let o(g) = -3*g**3 + 189*g**2 - 186*g - 111. What is o(62)?
-111
Let s(w) = -w**3 - 28*w**2 - 81*w + 40. What is s(-4)?
-20
Let s(o) = o**3 - 12*o**2 - 4*o + 13. Determine s(12).
-35
Let d(b) = b**3 + 10*b**2 + b + 10. Give d(-7).
150
Let u(s) = -4*s**2 + 21*s + 68. What is u(-4)?
-80
Let v(f) = 182*f + 6564. Calculate v(-36).
12
Let s(m) = -24*m**2 + 26*m + 104. Calculate s(-5).
-626
Let j(u) = u**2 + 39*u + 399. Give j(-15).
39
Let u(d) = d**3 - 38*d**2 - d + 49. What is u(38)?
11
Let x(q) = -q**2 - 36*q + 1172. Determine x(21).
-25
Let w(f) = f**2 + 3737*f - 128222. Calculate w(34).
-8
Let k(n) = -10*n + 642. Calculate k(47).
172
Let h(j) = 59*j + 1455. Calculate h(-34).
-551
Let f(i) = -4*i**2 + 62*i - 62. Give f(14).
22
Let c(s) = s**3 + 14*s**2 + 8*s - 49. What is c(-9)?
284
Let h(v) = -v**3 + 4*v**2 + 12*v + 29. Determine h(9).
-268
Let a(i) = -21*i**2 + 7*i + 2. Calculate a(3).
-166
Let v(h) = h**3 + 45*h**2 + 87*h + 82. Give v(-43).
39
Let q(n) = -2*n**2 + 60*n - 524. Determine q(23).
-202
Let c(w) = -w**2 - 252*w - 249. Calculate c(-1).
2
Let j(d) = d**2 + 48*d + 261. What is j(-42)?
9
Let u(i) = 268*i - 306. What is u(2)?
230
Let c(g) = -56*g - 118. Determine c(-5).
162
Let p(z) = 19*z**2 + 266*z + 2. Give p(-14).
2
Let g(i) = 377*i + 16218. What is g(-43)?
7
Let u(q) = 2*q**2 + 364*q + 1071. Give u(-3).
-3
Let g(w) = 87*w + 283. Give g(-3).
22
Let t(a) = 3*a**3 - 6*a**2 - 22*a + 27. Give t(3).
-12
Let v(i) = i**2 - 11*i - 188. Give v(20).
-8
Let q(x) = 21*x + 1330. Give q(-62).
28
Let a(j) = j**3 - 6*j**2 - 15*j - 100. What is a(9)?
8
Let l(m) = -2303*m + 36. Determine l(0).
36
Let x(h) = -3*h**2 + 68*h - 457. Calculate x(8).
-105
Let c(b) = -34*b**2 + 175*b - 47. What is c(5)?
-22
Let w(b) = -3*b**2 - 3*b + 818. Calculate w(0).
818
Let g(x) = -30*x - 1290. Calculate g(-43).
0
Let y(t) = -t**2 + 58*t - 750. Determine y(38).
10
Let d(u) = -2*u**3 + 12*u**2 - 23*u + 4. Give d(2).
-10
Let x(l) = l**2 + 163*l + 1947. What is x(-13)?
-3
Let l(y) = y**3 - 10*y**2 - 26*y + 72. Give l(12).
48
Let y(r) = -r**3 - 442*r**2 - 1741*r + 4828. Determine y(-438).
10
Let w(j) = -j**2 - 79*j + 77. Give w(-80).
-3
Let f(z) = -2*z**2 + 